 common divisor of 316086 and 168746.
278
What is the highest common divisor of 14699890 and 20?
10
Calculate the greatest common factor of 408 and 99669096.
408
What is the greatest common factor of 16296 and 3228936?
2328
What is the highest common divisor of 72387170 and 6665?
155
Calculate the highest common divisor of 212 and 109002238.
106
What is the greatest common factor of 37698 and 8906?
122
Calculate the greatest common divisor of 8466830 and 2490.
830
Calculate the greatest common divisor of 25520 and 17449080.
440
Calculate the greatest common divisor of 1143595 and 3644395.
2605
What is the highest common divisor of 39823451 and 54057?
487
Calculate the greatest common divisor of 6020344 and 26048.
3256
What is the highest common divisor of 18 and 9471754?
2
Calculate the greatest common divisor of 29636013 and 5389.
317
What is the greatest common factor of 34 and 19149463?
17
What is the greatest common factor of 18485667 and 192177?
1467
What is the greatest common factor of 134 and 109776619?
67
Calculate the highest common divisor of 1938153 and 242760.
357
What is the highest common divisor of 35288336 and 48?
16
What is the greatest common divisor of 36929943 and 153?
9
What is the greatest common divisor of 1602 and 8652224?
178
Calculate the greatest common divisor of 105 and 6135640.
35
What is the greatest common factor of 2261148 and 9516?
732
What is the highest common divisor of 2160440 and 3500?
20
What is the greatest common divisor of 48076 and 145894?
238
What is the greatest common divisor of 5160 and 19661535?
645
What is the highest common divisor of 17025 and 32675?
25
What is the highest common divisor of 1288 and 154405072?
184
Calculate the greatest common divisor of 33705224 and 888.
296
What is the greatest common factor of 92508486 and 42?
42
Calculate the highest common divisor of 4826320 and 305.
305
Calculate the highest common factor of 261066 and 17056.
26
What is the highest common divisor of 238275 and 119667?
1059
Calculate the greatest common factor of 1437825 and 960.
15
Calculate the greatest common factor of 21480816 and 1862.
98
What is the highest common factor of 4 and 278016?
4
What is the greatest common factor of 2252020 and 3520?
20
What is the highest common divisor of 123 and 9359193?
123
Calculate the highest common divisor of 1840 and 5715960.
920
What is the highest common factor of 217635880 and 330?
110
Calculate the highest common divisor of 2727 and 17699139.
909
Calculate the greatest common divisor of 751261 and 4.
1
What is the greatest common factor of 20830 and 40322714?
4166
What is the greatest common divisor of 5194 and 11886734?
106
What is the highest common divisor of 136 and 11607515?
17
What is the greatest common divisor of 179 and 1069274579?
179
What is the highest common divisor of 29268 and 3837672?
108
Calculate the highest common factor of 16009 and 3231912929.
16009
Calculate the greatest common divisor of 25738 and 84082.
34
Calculate the highest common factor of 179798045 and 665.
665
What is the greatest common divisor of 66423 and 6517?
7
What is the highest common factor of 24 and 42541068?
12
What is the greatest common divisor of 76 and 50585828?
76
Calculate the greatest common divisor of 12396015 and 65565.
2115
What is the greatest common divisor of 3174 and 30386818?
1058
Calculate the highest common factor of 114 and 82059654.
6
Calculate the greatest common factor of 90675730 and 10.
10
Calculate the greatest common divisor of 88 and 3327159.
11
What is the highest common factor of 165902682 and 22?
22
Calculate the greatest common divisor of 112189 and 1358203.
2387
Calculate the highest common factor of 646 and 8243742.
34
Calculate the highest common factor of 953574750 and 8340.
4170
What is the highest common divisor of 110 and 23383030?
110
Calculate the greatest common divisor of 31936 and 16384.
64
Calculate the greatest common divisor of 2424 and 3867492.
1212
What is the highest common factor of 78690 and 610854?
366
Calculate the highest common divisor of 492555 and 168.
21
Calculate the highest common divisor of 3201 and 11105142.
291
Calculate the greatest common divisor of 104546 and 2457.
13
Calculate the highest common factor of 126388 and 18.
2
What is the greatest common divisor of 1116 and 11962683?
279
Calculate the highest common factor of 2721 and 44710565.
907
Calculate the highest common divisor of 18 and 4092618.
6
What is the greatest common divisor of 13625452 and 212?
212
Calculate the highest common divisor of 25688 and 100248408.
1976
Calculate the greatest common divisor of 277407192 and 3028.
3028
Calculate the greatest common factor of 968 and 1126356.
44
What is the highest common divisor of 1275826 and 290?
58
What is the highest common factor of 3610196 and 228196?
356
What is the greatest common factor of 25706657 and 589?
31
Calculate the greatest common factor of 369948 and 74832.
12
What is the highest common factor of 1036 and 389945997?
259
What is the greatest common factor of 196306225 and 425?
425
What is the highest common factor of 594190 and 260?
10
What is the greatest common divisor of 40 and 6703780?
20
Calculate the greatest common factor of 7390 and 265991965.
3695
Calculate the greatest common divisor of 14748 and 21132.
12
What is the greatest common divisor of 131 and 95682793?
131
Calculate the greatest common factor of 288123 and 113113.
11
What is the greatest common factor of 31900 and 7348?
44
What is the highest common factor of 35950 and 586768710?
7190
What is the highest common factor of 4154180 and 16?
4
What is the highest common divisor of 46243040 and 160?
160
Calculate the highest common divisor of 920 and 10560.
40
What is the greatest common factor of 35619243 and 6?
3
Calculate the highest common divisor of 672 and 66151680.
672
What is the highest common divisor of 964311285 and 11235?
11235
What is the highest common divisor of 154625 and 2825?
25
Calculate the highest common divisor of 718 and 49036887.
359
Calculate the greatest common factor of 1875 and 100050000.
1875
What is the greatest common factor of 83222623 and 11?
11
What is the greatest common factor of 26 and 112889218?
26
Calculate the greatest common divisor of 37296 and 1731114.
126
What is the highest common factor of 24777783 and 90846?
927
Calculate the greatest common factor of 62372785 and 4505.
265
Calculate the highest common divisor of 120204 and 1093708.
1484
What is the greatest common divisor of 593188 and 2788?
164
What is the highest common divisor of 4353 and 3907579275?
4353
Calculate the highest common factor of 52570756 and 84.
28
What is the greatest common divisor of 5303001 and 352?
11
Calculate the highest common divisor of 896533 and 27863.
1639
Calculate the highest common divisor of 262892 and 59368.
164
Calculate the highest common divisor of 25465612 and 1168.
292
What is the greatest common factor of 1822165 and 20?
5
What is the highest common factor of 15082875 and 70725?
3075
What is the highest common divisor of 13150 and 281147?
263
What is the highest common factor of 8278137 and 14490?
1449
Calculate the greatest common divisor of 66287460 and 60.
60
Calculate the greatest common factor of 165 and 514921605.
165
Calculate the highest common factor of 695440 and 2320.
80
Calculate the highest common factor of 49240 and 7017931.
1231
Calculate the highest common factor of 21556830 and 31350.
570
What is the highest common divisor of 71511 and 1188?
33
Calculate the highest common divisor of 297743 and 4843.
29
Calculate the greatest common factor of 344 and 2164620.
172
What is the highest common divisor of 3240016 and 3159184?
6736
What is the highest common factor of 20088481 and 686?
343
What is the highest common divisor of 2522519 and 115081?
157
Calculate the highest common factor of 1438193 and 55039.
2393
Calculate the highest common divisor of 15585 and 1254774325.
5195
What is the greatest common factor of 29502040 and 104?
8
Calculate the greatest common divisor of 5496222 and 2928.
366
What is the highest common divisor of 360 and 68835060?
180
What is the highest common factor of 2765 and 60305?
35
Calculate the greatest common factor of 272 and 71610